345?
-13c67
In base 5, what is 10 + -1213342042?
-1213342032
In base 8, what is 3 - 264167627?
-264167624
In base 5, what is -2241412 + 301111?
-1440301
In base 14, what is 16ab3d4 - -50?
16ab444
In base 6, what is -4 + 2503045114?
2503045110
In base 16, what is 8cc494 - -2?
8cc496
In base 12, what is 48a46 + -36?
48a10
In base 9, what is -2433537 + -303?
-2433841
In base 16, what is -11b2 - 35f?
-1511
In base 12, what is 1 - -442638?
442639
In base 8, what is 237 + 16567?
17026
In base 13, what is -3a296 - 6?
-3a29c
In base 9, what is 1630365 + -1485?
1627770
In base 9, what is -3 + -5238641?
-5238644
In base 10, what is -4 + 24699834?
24699830
In base 11, what is -794 - -20a23?
2023a
In base 8, what is -656635 - -137?
-656476
In base 10, what is 7330880 - -2?
7330882
In base 9, what is 1838 - -520337?
522276
In base 15, what is 1 + -81c063?
-81c062
In base 9, what is 1535632 + -404?
1535227
In base 12, what is 22981b - 111?
22970a
In base 2, what is 10001010 - -111000001010010?
111000011011100
In base 2, what is -1010110110111000111110 - -1000?
-1010110110111000110110
In base 14, what is 3c1b - -499?
42b6
In base 13, what is -1006 - 27043?
-28049
In base 3, what is -100010 + 11210020002?
11202212222
In base 10, what is -873367 - -173?
-873194
In base 10, what is -31 - -312919?
312888
In base 5, what is 424313110432 + 3?
424313110440
In base 15, what is 2 - 9b663d?
-9b663b
In base 3, what is -121211 - 22102211?
-100001122
In base 13, what is -1a5 - a1184?
-a1359
In base 7, what is 46050 + -141500?
-62420
In base 14, what is 5 - -6776b80?
6776b85
In base 15, what is 7c - 19be88?
-19be0b
In base 8, what is -227 + 6666606?
6666357
In base 3, what is 11012012222000 + 1?
11012012222001
In base 6, what is 3 - -130233102?
130233105
In base 3, what is -211 - 1120020210201?
-1120020211112
In base 11, what is 15210 - -3592?
187a2
In base 7, what is -1065 - -3213461?
3212363
In base 13, what is -4 + b18964?
b18960
In base 8, what is -3 + -1301133?
-1301136
In base 9, what is -278623041 - 3?
-278623044
In base 11, what is 85a + 2170?
2a1a
In base 6, what is -1 - -31130533?
31130532
In base 13, what is -3a52 + -189?
-3c0b
In base 7, what is 316235536 + -20?
316235516
In base 13, what is 3 + -2b85992?
-2b8598c
In base 5, what is -323424443 + -3?
-323430001
In base 12, what is -7083380a + 3?
-70833807
In base 14, what is -805b - 3b3b?
-bb98
In base 2, what is 1 - 110111001101111101001010?
-110111001101111101001001
In base 7, what is -112106 - 12632?
-125041
In base 6, what is -3025 - -12104530?
12101501
In base 5, what is 10 - 401230144?
-401230134
In base 16, what is -b - 136ee1?
-136eec
In base 6, what is 14435245 + 3?
14435252
In base 12, what is -145a441 + 23?
-145a41a
In base 5, what is -10 - -134234323104?
134234323044
In base 13, what is 994b - aa04?
-1086
In base 11, what is -183557 - -660?
-1829a7
In base 10, what is -15 + -447402?
-447417
In base 10, what is -9 + -4983672?
-4983681
In base 4, what is 1123121002110211 + 11?
1123121002110222
In base 13, what is -16 - 73b591?
-73b5a7
In base 6, what is -2 + -13421540?
-13421542
In base 9, what is 201 + -1743?
-1542
In base 3, what is -111120212001201 - 0?
-111120212001201
In base 4, what is -1330132312 - -130?
-1330132122
In base 4, what is -12203330 + -20030211?
-32300201
In base 15, what is -1 - -19122b9?
19122b8
In base 6, what is 5 + 24430312221?
24430312230
In base 6, what is -211005154 - -2?
-211005152
In base 11, what is 13 - -262a24?
262a37
In base 4, what is 11 - 11323200310?
-11323200233
In base 5, what is -31141 + 212324?
131133
In base 6, what is -20155112040 + 3?
-20155112033
In base 13, what is 1 + -a4a5a?
-a4a59
In base 13, what is 9 + -3cc20c?
-3cc203
In base 15, what is -5 + 3e34e7?
3e34e2
In base 6, what is 3013202125 + 3?
3013202132
In base 8, what is 12 - 53530?
-53516
In base 2, what is 1011 + -11111110000110110100?
-11111110000110101001
In base 8, what is -514 - -361472?
360756
In base 14, what is a3a + 1105d?
11a99
In base 15, what is 61d5a14 - 1?
61d5a13
In base 11, what is -874 + 1290?
517
In base 12, what is -18b3 + 186?
-1729
In base 10, what is -136 + 804434?
804298
In base 12, what is 4252721 - -3?
4252724
In base 10, what is 3456 + 413?
3869
In base 2, what is 1110111100011 - 1001110010001?
101001010010
In base 16, what is 7a8540e + 5?
7a85413
In base 5, what is 142110220412 + -3?
142110220404
In base 7, what is -32503654 + -4?
-32503661
In base 5, what is 20 + -31120100?
-31120030
In base 4, what is -2231003231 - 1000?
-2231010231
In base 2, what is -11111000 + 110001001001010011110?
110001001000110100110
In base 14, what is 431355 - -1?
431356
In base 11, what is 220767 + -8?
22075a
In base 13, what is 2859 - -751?
32aa
In base 6, what is -2 + -2205050405?
-2205050411
In base 12, what is 2 + 2026171?
2026173
In base 8, what is 5331466 + 0?
5331466
In base 2, what is 11100101 - 10010101111000111?
-10010101011100010
In base 4, what is -323021 + 300312?
-22103
In base 2, what is -1000011101 - -1001011110010101?
1001010101111000
In base 16, what is -c4572 + 5?
-c456d
In base 10, what is 12818 - 2531?
10287
In base 7, what is -1143 + -15556011?
-15560154
In base 9, what is -821831 - -16?
-821814
In base 8, what is 5050 + -1043073?
-1036023
In base 3, what is -2222211 - 2221222201?
-10001222112
In base 10, what is -638 + 3810?
3172
In base 10, what is -26742298 + -1?
-26742299
In base 12, what is -aa0b8 - 35?
-aa131
In base 11, what is -4 + 330040?
330037
In base 16, what is -170482e - 1?
-170482f
In base 14, what is -5 + -82669d?
-8266a4
In base 6, what is 23224550152 + 4?
23224550200
In base 8, what is -57027 - 756?
-60005
In base 6, what is -210420410 - 0?
-210420410
In base 16, what is 5 + -df3611?
-df360c
In base 6, what is -114013013 - -3?
-114013010
In base 3, what is -12200012011212 + 20?
-12200012011122
In base 2, what is 111100001000110100101111010 + 0?
111100001000110100101111010
In base 14, what is -278d890b + 0?
-278d890b
In base 11, what is 9741734 + 3?
9741737
In base 10, what is -735 + 223944?
223209
In base 10, what is -10 + -33528725?
-33528735
In base 5, what is 1311141302014 - 3?
1311141302011
In base 4, what is -113310 + 3233300?
3113330
In base 7, what is -56650320 + -4?
-56650324
In base 6, what is 153300121 + -14?
153300103
In base 14, what is -b495d4c - 0?
-b495d4c
In base 10, what is 5 + 19166017?
19166022
In base 15, what is 2a5 + -2c59c?
-2c2e7
In base 14, what is 4cb + 2245a?
22947
In base 15, what is -3 + 2b7e955c?
2b7e9559
In base 15, what is -3 - -2d078a2?
2d0789e
In base 15, what is 1779 - 13ac?
3bc
In base 3, what is 202000110 + -222001?
201001102
In base 8, what is -103330 - 660?
-104210
In base 6, what is -4305015 - -235?
-4304340
In base 10, what is 4232 + -33592?
-29360
In base 15, what is -4 + a97e9e?
a97e9a
In base 5, what is -101142032421 + 0?
-101142032421
In base 7, what is -4424312 - 4?
-4424316
In base 5, what is 21323 - -21122412?
21144240
In base 16, what is -1e5ed - -3f5?
-1e1f8
In base 13, what is 1bcc695b + 6?
1bcc6964
In base 6, what is -5 + -32344133530?
-32344133535
In base 2, what is -110 + -110111011110000011?
-110111011110001001
In base 9, what is -2433122 - 4?
-2433126
In base 8, what is -40 + 26242731?
26242671
In base 16, what is e2 + 383f4d?
38402f
In base 12, what is -27045 + b?
-27036
In base 14, what is -11d74a + 19?
-11d731
In base 12, what is -592b557 - -40?
-592b517
In base 15, what is 214ac7e + 0?
214ac7e
In base 5, what is -12101331243 + -23?
-12101331321
In base 16, what is a3db59 - -3?
a3db5c
In base 5, what is -30 + 1012423200?
1012423120
In base 8, what is 4640127 + 74?
4640223
In base 9, what is 40850864 + 2?
40850866
In base 16, what is d1050 + 1a?
d106a
In base 4, what is -10 + -2113102110000?
-2113102110010
In base 3, what is 202211 - 1200002202202?
-1200001222221
In base 16, what is 5 - -ea64d?
ea652
In base 6, what is 223445 - 2542?
220503
In base 15, what is -93a3c - 1?
-93a3d
In base 13, what is -2 + -170bb02?
-170bb04
In base 15, what is e9c57 - -10?
e9c67
In base 5, what is 121 + -110034012?
-110033341
In base 10, what is 1 - 57570260?
-57570259
In base 15, what is 55 + 828b5?
8291a
In base 10, what is -4 + 85041846?
85041842
In base 4, what is -101000333203302 - 3?
-101000333203311
In bas